= x**3 - 8*x**2 - 41*x + 332. Calculate n(7).
-4
Let p(d) = -10*d**2 - 62*d + 734. Determine p(6).
2
Let x(j) = 28*j**2 + 310*j + 297. Calculate x(-10).
-3
Let t(b) = -105*b + 97. What is t(1)?
-8
Let y(u) = 275*u - 46210. Calculate y(168).
-10
Let k(x) = -90*x - 4401. Give k(-49).
9
Let h(i) = -3*i**2 - 3*i + 31. Determine h(-9).
-185
Let f(z) = z**3 - 43*z**2 + 93*z - 423. What is f(41)?
28
Let f(r) = -30*r + 6613. Determine f(221).
-17
Let w(g) = -37*g + 268. What is w(8)?
-28
Let f(o) = -59*o + 129. Calculate f(2).
11
Let i(y) = -y**2 + 398*y + 9219. What is i(-22)?
-21
Let k(a) = 20*a - 78. Calculate k(-12).
-318
Let d(n) = 42*n - 296. Give d(18).
460
Let n(s) = -4*s**3 - 91*s**2 - s - 320. Calculate n(-23).
232
Let t(v) = -13*v + 1039. Determine t(16).
831
Let c(y) = 56*y + 1464. What is c(-26)?
8
Let l(c) = -2*c**2 - 144*c - 560. Determine l(-4).
-16
Let f(p) = -286*p - 6010. Calculate f(-21).
-4
Let u(s) = s**3 - 99*s**2 + 3*s - 267. What is u(99)?
30
Let q(r) = r**3 - 13*r**2 + r - 22. What is q(12)?
-154
Let b(x) = -1519*x + 13677. Calculate b(9).
6
Let l(s) = 2*s**2 + 3*s - 246. Give l(-10).
-76
Let z(b) = 32*b - 1441. What is z(46)?
31
Let q(o) = 7*o**3 + 125*o**2 - 59*o - 741. Give q(-18).
-3
Let n(s) = 8*s**3 - 16*s**2 + 60*s + 26. Give n(4).
522
Let p(o) = -3*o**2 + 322*o - 1525. Give p(5).
10
Let g(u) = -47*u + 263. Determine g(5).
28
Let i(q) = -10*q**2 - 362*q - 362. Determine i(-1).
-10
Let k(s) = -7*s**2 + 41*s - 53. Give k(2).
1
Let g(t) = -t**3 - 45*t**2 + 977*t - 17. Give g(16).
-1
Let g(n) = -2238*n + 22382. Calculate g(10).
2
Let i(z) = -z**2 - 4*z + 9. Calculate i(-6).
-3
Let d(s) = s**3 + 12*s**2 - 40*s - 358. Give d(-13).
-7
Let d(v) = -2960*v - 44378. Determine d(-15).
22
Let k(c) = c**2 - 6*c + 8. Determine k(0).
8
Let n(c) = -60*c**3 - 72*c - 71. Give n(-1).
61
Let z(u) = 16*u**2 + 69*u + 14. Calculate z(-4).
-6
Let a(k) = 324*k - 1004. Calculate a(3).
-32
Let r(q) = 3*q**2 - 14*q - 403. What is r(14)?
-11
Let w(a) = -6*a - 393. Determine w(-42).
-141
Let t(w) = -65*w**2 + 454*w + 10. What is t(7)?
3
Let l(u) = -u**2 - 49*u - 436. Calculate l(-14).
54
Let j(u) = -3*u**2 - 1378*u + 12643. What is j(9)?
-2
Let q(r) = r**2 - 19*r - 22. Give q(8).
-110
Let k(f) = 39*f + 434. Calculate k(-17).
-229
Let r(f) = 2*f**3 - 3*f**2 - f. Give r(-1).
-4
Let m(f) = -1637*f + 441996. What is m(270)?
6
Let l(u) = 87*u - 788. What is l(9)?
-5
Let w(v) = -v**3 - 10*v**2 - 5*v + 7. Give w(-11).
183
Let i(x) = x**3 + 31*x**2 - 29*x + 80. Give i(-32).
-16
Let d(a) = -3906*a - 39135. What is d(-10)?
-75
Let q(t) = 182*t - 31484. Calculate q(173).
2
Let b(o) = -o**3 - 5*o**2 - 6*o + 3. Determine b(-5).
33
Let x(g) = -136*g + 6606. Determine x(48).
78
Let x(d) = 2*d**2 - 72*d + 114. What is x(40)?
434
Let i(v) = -v**3 - 2*v**2 - v - 9. Give i(-3).
3
Let m(p) = 2232*p + 35665. Give m(-16).
-47
Let b(f) = -f**3 - 28*f**2 + f - 218. Give b(-29).
594
Let n(x) = -91*x + 635. Calculate n(9).
-184
Let h(k) = -509*k + 1555. Give h(3).
28
Let g(i) = -i**3 + 72*i**2 - 461*i + 384. Determine g(65).
-6
Let b(w) = w**3 - 2*w**2 + 160*w - 177. What is b(0)?
-177
Let m(r) = r**3 - 15*r + 16. Give m(-7).
-222
Let a(u) = 1656*u - 1661. Calculate a(1).
-5
Let s(a) = -4*a**3 - 10*a**2 + 60*a - 18. What is s(4)?
-194
Let a(z) = 2*z**2 + 53*z - 15. Give a(9).
624
Let b(j) = -56*j - 3425. Calculate b(-61).
-9
Let t(z) = 296*z - 617. Determine t(2).
-25
Let h(l) = l**2 - 896*l + 160303. Calculate h(247).
0
Let c(v) = 237*v - 2375. Calculate c(10).
-5
Let w(q) = 3*q**3 - 9*q**2 - 11*q + 8. Calculate w(4).
12
Let s(t) = -21*t**2 - 261*t - 646. What is s(-9)?
2
Let u(z) = -133*z + 415. What is u(4)?
-117
Let a(u) = u**3 + 16*u**2 + 20*u + 74. Calculate a(-15).
-1
Let m(n) = n**2 + 66*n - 965. Give m(15).
250
Let u(g) = -338*g**2 - 617*g. What is u(-2)?
-118
Let a(l) = 66*l + 14. Determine a(-1).
-52
Let x(o) = -9*o + 272. What is x(29)?
11
Let y(l) = -2*l**2 + 1602*l + 125718. Give y(-72).
6
Let i(u) = 456*u + 889. Determine i(-2).
-23
Let r(p) = 5140*p - 35990. Determine r(7).
-10
Let d(g) = g**3 + 81*g**2 + 161*g + 172. Give d(-79).
-65
Let x(b) = -389*b - 10904. Give x(-28).
-12
Let d(w) = -1155*w - 5774. Give d(-5).
1
Let a(z) = -2*z**2 + 25*z + 56. Determine a(-2).
-2
Let c(a) = -4*a**2 - 2*a + 614. What is c(0)?
614
Let m(a) = 236*a + 21464. Calculate m(-91).
-12
Let o(d) = 93*d - 1069. Give o(10).
-139
Let d(m) = -3*m**2 - 36*m + 71. What is d(-16)?
-121
Let b(i) = -i**3 - 18*i**2 + 39*i + 103. Give b(-20).
123
Let y(i) = -79*i + 1412. Calculate y(16).
148
Let z(t) = t**3 + 30*t**2 + 7*t - 30. What is z(-30)?
-240
Let w(s) = 14*s**3 + 6*s**2 + 68*s + 67. Calculate w(-1).
-9
Let g(y) = 1140*y + 5691. Calculate g(-5).
-9
Let d(t) = -t**3 + 97*t**2 - 185*t - 539. Give d(95).
-64
Let p(o) = -o**3 - 59*o**2 + 254*o + 133. Give p(-63).
7
Let v(t) = -t + 152. What is v(-33)?
185
Let h(c) = -c**3 - 18*c**2 - 35*c - 17. Give h(-16).
31
Let b(p) = -p**3 + 69*p**2 - 137*p + 197. Calculate b(67).
-4
Let w(c) = c**3 + 20*c**2 + 97*c + 35. Determine w(-12).
23
Let x(i) = -62*i + 1020. Calculate x(16).
28
Let y(c) = -25*c**3 - 32*c**2 - 34*c - 2. Determine y(-1).
25
Let v(n) = -2*n**2 - 385*n + 2793. Determine v(7).
0
Let k(r) = -r**2 + 62*r + 20. Determine k(-8).
-540
Let v(l) = 114*l - 2275. Give v(20).
5
Let i(x) = 7*x**2 + x - 65. Calculate i(8).
391
Let k(u) = 16*u + 320. Give k(-20).
0
Let g(u) = 16*u - 38. What is g(-7)?
-150
Let c(k) = 2*k**2 + 220*k + 5786. What is c(-43)?
24
Let w(m) = 3*m**3 + 44*m**2 - 14*m + 20. Determine w(-15).
5
Let d(x) = -3*x - 31. Determine d(-9).
-4
Let c(u) = 32*u + 94. Calculate c(-2).
30
Let l(z) = -60*z + 340. Give l(4).
100
Let z(u) = -13*u - 46. Determine z(-9).
71
Let v(q) = -q**3 - 8*q**2 - 118*q - 509. What is v(-4)?
-101
Let w(z) = -273*z - 8196. Determine w(-30).
-6
Let g(z) = 65*z - 1022. Give g(24).
538
Let j(d) = -d**3 + 48*d**2 - 143*d + 363. Give j(45).
3
Let c(l) = -131*l - 658. Give c(-4).
-134
Let h(q) = -10*q**2 + 32*q + 32. What is h(-1)?
-10
Let j(q) = -q**2 + 60*q + 260. Calculate j(50).
760
Let d(l) = 137*l - 50. Determine d(-7).
-1009
Let p(g) = 3*g**3 + 136*g**2 + 35*g - 524. Determine p(-45).
-74
Let b(i) = 2*i**3 - 214*i**2 - 431*i - 538. Calculate b(109).
7
Let g(k) = k**2 - 70*k + 493. Calculate g(62).
-3
Let d(t) = 2*t**3 + t**2 + 20*t + 18. Calculate d(-2).
-34
Let l(s) = 44*s + 311. What is l(-7)?
3
Let c(k) = -12*k**2 - 1370*k - 226. Calculate c(-114).
2
Let l(x) = -2*x**3 + 8*x**2 - 3*x + 26. Give l(4).
14
Let o(y) = -3*y**3 + 100*y**2 + 67*y - 205. What is o(34)?
-239
Let q(y) = -y**2 - 19*y + 99. What is q(-15)?
159
Let o(f) = -22*f - 2317. Give o(-114).
191
Let v(g) = 68*g + 13. Calculate v(1).
81
Let b(o) = o**2 + 24*o - 307. Determine b(10).
33
Let x(z) = -2*z**3 + 42*z**2 + 2*z - 20. Determine x(21).
22
Let x(p) = p**2 + 26*p + 23. Calculate x(-25).
-2
Let v(p) = -5*p**3 + 27*p**2 - 86*p + 4. What is v(3)?
-146
Let p(c) = c**2 - 595*c + 85750. Give p(350).
0
Let n(a) = 9*a**2 + 298*a - 58. What is n(-33)?
-91
Let q(d) = d**3 + 142*d**2 - 1358*d - 5. What is q(9)?
4
Let n(d) = 107*d + 27. Determine n(-6).
-615
Let r(f) = 1794*f - 7092. Calculate r(4).
84
Let j(m) = -m**2 + 78*m + 521. What is j(-6)?
17
Let s(o) = o**3 + 7*o**2 - 8*o - 53. Give s(-4).
27
Let b(m) = -7*m**2 - 28*m + 32. Determine b(1).
-3
Let z(q) = -2*q**3 - 19*q**2 + 92*q + 19. Determine z(-13).
6
Let k(q) = -q**2 - 18*q + 1499. What is k(-47)?
136
Let d(z) = -z**3 + 2*z**2 - 10*z + 88. What is d(0)?
88
Let z(s) = 2*s**3 - 128*s + 4. What is z(0)?
4
Let a(m) = -1347*m + 5415. Determine a(4).
27
Let b(n) = n**2 + 13*n - 36. Determine b(4).
32
Let z(o) = 149*o - 1650. What is z(11)?
-11
Let h(o) = 179*o - 1229. Calculate h(7).
24
Let r(m) = m**3 + 74*m**2 + 123*m + 9106. Give r(-74).
4
Let t(c) = 7*c**3 - c**2 + 3*c. What is t(1)?
9
Let a(b) = -857*b - 1742. Determine a(-2).
-28
Let y(h) = -581*h + 1690. What is y(3)?
-53
Let a(k) = 622*k**2 - 8086*k + 8. Determine a(13).
8
Let z(s) = -s**3 + 20*s**2 + 8*s + 818. Give z(22).
26
Let i(b) = -111*b - 943. Calculate i(-9).
56
Let r(o) = -51*o**3 + 2*o**2 + 43*o + 42. What is r(-1)?
52
Let w(l) = -l**3 - 7*l**2 - 2951*l - 17667. Determine w(-6).
3
Let b(z) = -z**2 + 1345*z - 4044.